+ 20 = 0. Suppose -20*b + 495 = -k*b. Let i = 24 - 2. What is the highest common divisor of b and i?
11
Let f(w) = 14*w**2 + 7*w - 7. Let m be f(1). Let q = 0 - 0. Suppose q*r + r + 3*z - 28 = 0, 0 = 2*z. What is the greatest common divisor of m and r?
14
Let t = -210 - -301. Suppose -90*d - 32 = -t*d. What is the greatest common factor of d and 8?
8
Let c be (14/(-3) - -4)*-3. Suppose -360 = c*b - 8*b. Let r be (-16)/(-10)*25/2. Calculate the highest common factor of b and r.
20
Let a = -97 - -113. Calculate the highest common factor of 12 and a.
4
Let u(q) = q**3 + 5*q**2 + q - 6. Let h be u(-3). Suppose 440 = c + h*c. What is the highest common divisor of c and 4?
4
Let u be (12/(-2))/((-2)/42). Suppose 35*v - 22*v = 182. What is the highest common factor of v and u?
14
Suppose a - 2*a = 8. Let g be 2/(a/(-12)) + 43. Let m(q) = 3*q**2 - 4*q + 5. Let i be m(-4). Calculate the greatest common divisor of i and g.
23
Suppose 5*h + 0*h + 34 = v, v - 2*h - 28 = 0. Calculate the greatest common divisor of v and 552.
24
Let s(h) be the first derivative of h**4/4 + 25*h**3/3 + 8*h**2 - 32*h + 4. Let a be s(-24). What is the greatest common divisor of 20 and a?
20
Let l = -989 + 1069. Calculate the greatest common factor of l and 56.
8
Let r be (3/9)/(1/93). Suppose 0 = 4*i - 6*i - 5*k - 3, i = 4*k + r. Let z = -16 + 38. What is the highest common factor of i and z?
11
Let x be (-16)/(-1*(-1)/(-11)). Let y be (-4)/((2/28)/((-16)/56)). Calculate the greatest common factor of y and x.
16
Suppose -5*u - 4*s = -32, 6 = 2*u + 3*s - 4. Let a = 210 - 170. Calculate the highest common factor of u and a.
8
Let u(c) = -c + 6. Let y be u(0). Let k be (-2 + y)*8 + 4. Let n(j) = j + 27. Let t be n(-15). What is the greatest common factor of t and k?
12
Let t(h) = h**3 + 13. Let u be t(0). Let i(r) = 2*r**2 + 5*r - u*r + 4 + 4*r. Let k be i(3). Calculate the highest common factor of k and 15.
5
Let v be 44/2 - (2 - 1). Let i = -6 + 6. Suppose 4*b - 149 - 187 = i. Calculate the highest common divisor of v and b.
21
Suppose -1320 = -26*j + 3828. What is the greatest common divisor of 44 and j?
22
Suppose 3*v + r + 1 = 166, -2*v + 3*r + 121 = 0. Let n = v + -12. Calculate the greatest common divisor of n and 22.
22
Let x = -131 + 81. Let v = -34 - x. Let q = 179 + -3. What is the greatest common factor of q and v?
16
Let w be (-10 - -13) + 1680/2 + -3. What is the greatest common divisor of w and 36?
12
Let z(o) = o**3 - 15*o**2. Let m be z(15). Let c = -18 + 23. Suppose m*x + 4*w = 2*x - 20, 2*x - c*w = 17. Calculate the greatest common factor of x and 24.
8
Let k(b) = -3 + 0*b**3 + 0*b - b**3 - b**2 - 1 - 3*b. Let a be k(-2). Calculate the greatest common divisor of 9 and a.
3
Suppose p - 5*c = 154, 2*p - 5*c - 308 = -3*c. What is the greatest common factor of 14 and p?
14
Suppose 0 = d - q - 63 + 21, 2*q = -2*d + 64. Let u = d - -29. Suppose -22*l + 36 = -16*l. What is the highest common divisor of u and l?
6
Suppose -408 + 83 = -4*k - b, 4*k - 5*b = 295. Calculate the highest common factor of k and 20.
20
Let s = 79 - 23. Let g be 2/(-8) + (-196)/(-16). Suppose 5*d - g - 27 = 4*k, -2*k - 2 = 0. What is the greatest common factor of d and s?
7
Suppose 4*w - 5*f = 23, -2*f - 2*f - 24 = -4*w. Let l be w - 7 - 1/((-3)/30). What is the greatest common factor of l and 35?
5
Let h = -151 + 223. Calculate the greatest common divisor of 27 and h.
9
Suppose 19*g - 597 = 163. Let k = 0 + 10. What is the highest common factor of g and k?
10
Let l be -4*15/(-24)*96/5. Calculate the highest common divisor of l and 3.
3
Let b(q) be the second derivative of 0 + 8/3*q**3 + 9/2*q**2 - 13*q - 1/12*q**4. Let s be b(15). Calculate the highest common divisor of s and 48.
24
Suppose 100 = 2*d + 36. What is the greatest common divisor of d and 48?
16
Suppose 25*a + 22 - 147 = 0. Let k = 210 - -40. Suppose 5*j - k = -5*w, w - j - 130 = -2*w. What is the highest common factor of w and a?
5
Suppose -4678 + 1504 = -46*a. What is the highest common divisor of a and 276?
69
Let s = 1803 - 1793. Let h be 178/6 + 2/6. What is the highest common factor of s and h?
10
Suppose 62*i = 31*i + 8649. Let c(h) = h**2 + h + 31. Let r be c(0). Calculate the greatest common divisor of r and i.
31
Let f = 1608 - 1564. Calculate the highest common divisor of f and 33.
11
Let f = 665 + -650. Calculate the highest common factor of 15 and f.
15
Let h be -1 - (0 - 11*3). Let f(g) = g + 14. Let u be f(-6). Suppose 5*s - u = 4*s. Calculate the highest common divisor of h and s.
8
Suppose -1882 = -5*p - 4*t, 2*p + 75 = 4*t + 811. What is the greatest common divisor of 34 and p?
34
Let q(u) = u**2 + u + 19. Let s be q(0). Let d be 1 + (3 - -164) + -1 + 4. What is the greatest common divisor of d and s?
19
Let y be 6*(1 + 1/3). Let s(v) = -60*v**3 - v**2 + 2*v - 1. Let o be s(1). Let i = o + 124. What is the highest common divisor of i and y?
8
Let r be -1 + 3 + -9 + 4. Let s(a) = -2*a + 7. Let o be s(r). Suppose 2*p + 3*u - o = 13, -2*p + u = -34. Calculate the highest common divisor of 112 and p.
16
Suppose 18 = -10*o - 1382. Let m = o - -147. What is the greatest common factor of 112 and m?
7
Let x be (32 - 1) + -3 + 5. Let a(c) = -11*c + 8*c - 10 + 7*c. Let u be a(8). What is the greatest common divisor of x and u?
11
Let d be (-45)/(-4)*(-16)/(-6). Let y be (-2)/((-6)/15) - -10. Calculate the highest common divisor of d and y.
15
Let b(r) = -2*r**2 + 16*r - 2. Let v be b(6). What is the greatest common factor of 99 and v?
11
Suppose 2*g + 0*g + 3*t = 661, 4*g = 4*t + 1272. What is the greatest common divisor of g and 19?
19
Let b = -56 - -116. Suppose 7*g - 10*g = -b. What is the highest common divisor of g and 30?
10
Let m(s) = -12*s - 3*s**2 - 20 - 7*s**2 - 3*s**2 - s**3 + 3*s**2. Let a be m(-9). Calculate the highest common divisor of a and 1.
1
Let q(p) = -p**2 + 16*p. Let y be q(6). What is the greatest common factor of y and 105?
15
Let h = -63 - -66. Let i be (-214)/(-18)*h + 5/15. What is the highest common divisor of 144 and i?
36
Suppose -3*l = -4*c - 0*c, 0 = -5*l + 3*c + 11. Suppose 3*y + l*j - 48 + 8 = 0, 30 = y - 2*j. Calculate the highest common factor of y and 160.
20
Suppose 0*s - 34 = -5*t + 2*s, 3*s = -t. Suppose t*o - 8 = 4*o. Let q be 96/(3 - 0)*1. Calculate the greatest common divisor of q and o.
4
Let a be 3*1/4 + (-1791)/36. Let k = a + 50. Calculate the highest common divisor of k and 3.
1
Let s = 12 + 7. Let k(g) = -g + 10. Let y be k(6). Suppose -304 = -y*b + 2*b. What is the greatest common factor of s and b?
19
Let d(l) = 856*l**2 + 9*l - 1. Let r be d(1). Calculate the highest common divisor of r and 72.
72
Suppose 7*m - 4*m + 12 = 0, -3*s - 4*m = -11. Let k be (2/(-1))/(8/(-12)). Suppose o + 12 = k*o. What is the highest common divisor of s and o?
3
Let h(q) = 6 - q - 9 - 5. Let z be h(-20). Calculate the highest common factor of 24 and z.
12
Let o(r) = -r - 5. Let s be o(-7). Suppose s*c + 4*g - 14 = 0, 2*g - g = 1. Suppose 2*d - c*d = -60. What is the greatest common divisor of d and 5?
5
Let f be (3/(-3))/((-2)/6). Let b be 168/18 - (-2)/f. What is the greatest common factor of b and 40?
10
Let i = 57 - -113. Calculate the greatest common divisor of 204 and i.
34
Let y = 215 + 19. What is the highest common divisor of y and 26?
26
Let d(r) be the first derivative of -7*r**2/2 - 38*r + 13. Let s be d(-9). Calculate the highest common factor of s and 10.
5
Let b be 0/((-16)/(-4)) - 362. Let r = b + 622. Suppose 5*i - 3*t = 412, 3*i - r = -t + 6*t. What is the greatest common factor of 10 and i?
10
Suppose -1684 = -3*r + 5*j, -r - 572 = -2*r - j. Calculate the greatest common factor of 71 and r.
71
Suppose -3*p + 16 = 5*k - 1, 3*p - k = 11. Suppose 3*l = s - 145, -p*s + 6*l + 540 = 4*l. What is the highest common divisor of s and 7?
7
Let z be ((-28)/(-3))/(28/3696). Calculate the greatest common divisor of 77 and z.
77
Suppose 3*h - 16 = h. Let b be 289/4 - 2/h. Suppose u - b = -2*u. What is the greatest common divisor of u and 24?
24
Let d = 0 - -9. Let j = 5 - -13. What is the greatest common divisor of d and j?
9
Suppose -3*u + 72 = -21*u. Let k(b) = 3*b**2 + 3*b + 13. Let z be k(u). Calculate the greatest common divisor of 14 and z.
7
Let i(d) = 2*d**2 + d + 14. Let b be